*a**2 + 287*a - 4324. Determine s(15).
-19
Let t(d) = -20*d + 22. Calculate t(4).
-58
Let r(s) = s**3 + 28*s**2 - 22*s + 44. What is r(0)?
44
Let w(k) = -91*k**3 - k**2 + 35*k - 34. What is w(1)?
-91
Let u(k) = 113*k - 532. Determine u(5).
33
Let j(z) = 1539*z - 13856. What is j(9)?
-5
Let y(p) = -49*p - 1653. Determine y(-32).
-85
Let p(b) = -4*b**3 + 5*b**2 + 6*b. Determine p(-3).
135
Let d(q) = 4*q**3 - 76*q**2 + 3*q - 56. Give d(19).
1
Let q(d) = 37*d**3 - 880*d - 879. Give q(-1).
-36
Let y(q) = 32*q + 1321. Calculate y(-41).
9
Let f(c) = 2*c**2 + 27*c - 33. What is f(9)?
372
Let q(z) = -z**3 - 28*z**2 - 63*z - 275. Determine q(-26).
11
Let p(t) = 2*t**2 - 85*t + 249. Determine p(39).
-24
Let d(x) = x**3 - 18*x**2 + 19*x + 348. Give d(15).
-42
Let c(o) = 36*o - 2473. Calculate c(68).
-25
Let m(x) = -x**2 + 6*x + 1218. What is m(38)?
2
Let c(v) = -86*v - 4819. Calculate c(-56).
-3
Let d(q) = -48*q + 4226. Calculate d(88).
2
Let b(y) = -27*y**2 + 108*y - 2. Determine b(5).
-137
Let z(j) = 6*j + 3. Give z(-9).
-51
Let h(t) = 8*t - 313. What is h(39)?
-1
Let q(i) = 2*i**2 - 72*i - 612. Give q(-7).
-10
Let l(h) = -h**2 - 40*h - 369. What is l(-35)?
-194
Let y(l) = l**2 + 12*l + 73. Calculate y(-7).
38
Let q(h) = 64*h - 2383. Give q(37).
-15
Let s(b) = -b**3 + 113*b**2 - 46*b - 7399. What is s(112)?
-7
Let f(l) = -878*l + 35123. Give f(40).
3
Let p(k) = 6*k - 305. Calculate p(36).
-89
Let u(b) = -174*b - 857. Calculate u(-5).
13
Let x(s) = -s**3 - 36*s**2 - 180*s + 201. Give x(-7).
40
Let i(b) = 248*b**2 + 743*b + 1. Give i(-3).
4
Let q(n) = 19*n - 509. Determine q(29).
42
Let r(h) = -h**3 - 9*h**2 + 145*h + 147. What is r(-17)?
-6
Let k(p) = -565*p + 228. What is k(1)?
-337
Let z(t) = -117*t + 2826. What is z(24)?
18
Let m(u) = -90*u + 13778. Give m(153).
8
Let p(z) = -1079*z + 7516. Determine p(7).
-37
Let u(m) = -8*m + 52. Calculate u(16).
-76
Let l(t) = 4594*t + 68910. What is l(-15)?
0
Let k(t) = t**3 - 2*t**2 - 3*t + 11. Calculate k(-3).
-25
Let c(a) = -13*a**2 - 133*a + 316. Give c(-12).
40
Let f(w) = 98*w**3 - 4*w**2 - 6*w + 9. Calculate f(1).
97
Let p(j) = -j**3 + 5*j**2 + 18*j - 30. Calculate p(7).
-2
Let b(s) = 260*s + 3164. Determine b(-12).
44
Let h(r) = -140*r - 3215. Calculate h(-23).
5
Let g(a) = 13*a**3 + 3*a**2 - 2*a - 5. What is g(-2)?
-93
Let j(y) = y**3 - 9*y**2 - 211*y + 93. Give j(-11).
-6
Let h(y) = -8657*y - 26011. Calculate h(-3).
-40
Let p(f) = -f**2 + 19*f + 5. Calculate p(15).
65
Let r(a) = 2*a**3 + 83*a**2 + 121*a + 65. Determine r(-40).
25
Let r(u) = u + 31. What is r(-43)?
-12
Let p(a) = a**3 - 19*a**2 + 20*a - 71. Give p(9).
-701
Let t(u) = -48*u + 801. Give t(19).
-111
Let d(g) = -g**2 + 43*g + 437. Determine d(-9).
-31
Let s(g) = -g**2 - 37*g + 52. Give s(-45).
-308
Let m(a) = -358*a - 41182. Give m(-115).
-12
Let n(k) = -32*k + 102. Determine n(-5).
262
Let j(h) = -4*h**3 + 264*h**2 - 26. Calculate j(66).
-26
Let t(z) = 3*z**3 - 23*z**2 + 47*z - 17. Determine t(5).
18
Let t(c) = c**3 - 2*c**2 + 425*c - 842. Calculate t(2).
8
Let c(h) = -h**3 + 9*h**2 + 138*h - 792. What is c(5)?
-2
Let k(j) = 56*j - 559. Give k(8).
-111
Let q(o) = -o**3 + 98*o**2 - 637*o + 39. Calculate q(91).
39
Let v(s) = s**3 + 18*s**2 + 32*s + 28. Determine v(-15).
223
Let x(d) = -38*d**2 - 331*d + 18. Determine x(-9).
-81
Let x(w) = -w**3 + 15*w**2 + 45*w - 32. Calculate x(-5).
243
Let o(t) = 15*t**2 + 727*t + 1704. Give o(-46).
2
Let d(u) = -3*u**3 + 45*u**2 + 14*u - 206. What is d(15)?
4
Let c(h) = -2*h**2 + 4*h - 31. Calculate c(-7).
-157
Let a(f) = -f**3 + 35*f**2 - 6*f + 39. Determine a(35).
-171
Let y(h) = 469*h + 4225. Determine y(-9).
4
Let s(j) = -53*j + 642. What is s(12)?
6
Let v(q) = -90*q + 2343. Calculate v(26).
3
Let r(o) = o**3 + 16*o**2 + 63*o + 445. What is r(-14)?
-45
Let z(c) = -2*c**2 - 8*c - 3. Calculate z(6).
-123
Let l(h) = 12*h**2 + 107*h + 54. What is l(-6)?
-156
Let y(r) = -26*r**3 + 4*r**2 + 30*r + 26. Determine y(-1).
26
Let q(y) = -y**2 - 2*y - 14. Determine q(-5).
-29
Let m(f) = 635*f - 5082. Calculate m(8).
-2
Let g(w) = -2*w**3 - 385*w**2 + 8037*w - 2. What is g(19)?
-2
Let m(y) = 29*y + 1827. Give m(-61).
58
Let h(y) = -903*y + 24372. What is h(27)?
-9
Let o(a) = a**3 + 26*a**2 - 118*a + 174. What is o(-30)?
114
Let m(g) = -3*g**3 + 8*g**2 + 10*g - 20. What is m(3)?
1
Let j(a) = 10*a**2 + 29*a + 22. Give j(-2).
4
Let g(k) = 17*k**2 - 158*k - 6. Calculate g(9).
-51
Let w(i) = -97*i - 486. Give w(-5).
-1
Let p(t) = -4*t**3 + 22*t**2 - 12*t - 5. Give p(6).
-149
Let a(c) = -c**3 - 5*c**2 + 42*c - 29. Give a(-10).
51
Let z(n) = -n**3 - 122*n**2 - 584*n + 107. What is z(-117)?
-10
Let f(g) = 52*g - 7181. What is f(140)?
99
Let a(d) = 8*d**3 - 11*d - 27. Calculate a(-3).
-210
Let q(o) = -86*o**3 - 2*o**2 + 1. Give q(1).
-87
Let h(z) = -9*z**2 + 78*z - 6. Determine h(8).
42
Let p(z) = -12*z**2 - 117*z - 199. Give p(-8).
-31
Let i(h) = 2*h**3 + 25*h**2 - 25*h - 153. Give i(-13).
3
Let m(o) = -2*o**3 - 14*o**2 - 30*o - 9. Determine m(-7).
201
Let o(t) = -1918*t + 26. Calculate o(0).
26
Let c(k) = k**3 - 111*k**2 - 5*k + 553. Calculate c(111).
-2
Let b(i) = 1855*i + 3685. Give b(-2).
-25
Let q(o) = 22*o - 9346. What is q(425)?
4
Let i(v) = -v**3 - 6*v**2 + 21*v - 13. Determine i(6).
-319
Let z(u) = -9*u**3 + 74*u**2 - 5*u - 89. Give z(8).
-1
Let b(s) = -5*s**2 - 5*s - 8. What is b(0)?
-8
Let w(d) = 15*d - 20. Calculate w(-3).
-65
Let z(l) = -2*l**2 + 43*l - 57. What is z(20)?
3
Let i(q) = -5*q**2 - 135*q + 829. Give i(6).
-161
Let d(w) = 7*w**2 - 9*w + 19. What is d(7)?
299
Let i(a) = -246*a - 22. Give i(0).
-22
Let t(v) = 25*v + 993. What is t(-40)?
-7
Let x(o) = -o**3 - 13*o**2 - 28*o + 50. Calculate x(-5).
-10
Let l(r) = r**2 - 37*r - 202. Determine l(-5).
8
Let m(p) = 348*p + 2084. Determine m(-6).
-4
Let m(w) = w**2 - 65*w + 673. Determine m(13).
-3
Let w(m) = 136*m + 10470. What is w(-77)?
-2
Let u(y) = 3*y**3 + 2*y**2 - 21*y - 62. Calculate u(-3).
-62
Let g(b) = -1215*b - 4848. Determine g(-4).
12
Let u(q) = 13*q**2 - 189*q + 265. What is u(13)?
5
Let q(o) = -o**3 + 21*o**2 - 35*o + 2. Determine q(12).
878
Let z(l) = 5*l**3 - 24*l**2 - 8*l + 14. Calculate z(5).
-1
Let a(f) = -1983*f - 17843. Determine a(-9).
4
Let s(b) = 10*b**2 - 93*b - 6. Give s(8).
-110
Let k(t) = 10866*t - 195583. What is k(18)?
5
Let a(f) = -107*f + 1623. Give a(15).
18
Let t(o) = -264*o - 2716. Give t(-11).
188
Let h(t) = -4*t**3 + 22*t**2 - 7*t - 14. What is h(5)?
1
Let h(c) = 9*c - 84. Give h(8).
-12
Let p(g) = -4*g**2 - 903*g + 3027. Calculate p(-229).
50
Let v(j) = -385*j + 1560. Determine v(4).
20
Let l(b) = 1378*b + 6689. Determine l(-5).
-201
Let d(q) = q**3 - 12*q**2 + 24*q + 28. Calculate d(7).
-49
Let a(y) = -2*y**2 + 46*y - 76. What is a(26)?
-232
Let d(z) = 1313*z - 18413. Calculate d(14).
-31
Let f(s) = -48*s - 93. Determine f(-2).
3
Let t(x) = -4*x**2 + 1405*x + 2465. Give t(353).
-6
Let g(d) = -68*d + 13. Give g(1).
-55
Let d(j) = -3*j**2 + 120*j + 1876. Determine d(52).
4
Let o(c) = -8*c**2 - 187*c - 398. What is o(-21)?
1
Let l(s) = -s**2 + 75*s + 323. What is l(-4)?
7
Let w(h) = -23*h + 878. Calculate w(39).
-19
Let r(q) = -q**3 - 3*q**2 + 18*q + 31. What is r(-5)?
-9
Let c(y) = 18*y**2 - 28*y + 53. What is c(7)?
739
Let t(m) = 50*m - 1627. Calculate t(23).
-477
Let q(b) = 19*b - 20. Calculate q(-3).
-77
Let z(v) = 69*v - 3734. Determine z(54).
-8
Let b(o) = 265*o**3 + 4*o**2 + 5*o. What is b(-1)?
-266
Let o(l) = -l**2 - 31*l - 147. Give o(-20).
73
Let i(t) = -2*t**2 - 27*t + 42. Calculate i(-14).
28
Let j(u) = -5*u**3 + 9*u**2 - 7*u - 11. Determine j(-4).
481
Let l(o) = 48*o - 95. Determine l(4).
97
Let x(l) = -13*l + 11. Give x(-1).
24
Let a(p) = p**2 - 33*p + 212. Determine a(15).
-58
Let x(c) = c**2 + 244*c + 10934. Give x(-59).
19
Let p(u) = -20*u - 1236. Give p(-63).
24
Let r(q) = -4*q + 45. Determine r(-22).
133
Let f(l) = 18*l**2 + 47*l - 4. Give f(-4).
96
Let w(p) = -p**2 + 19*p + 505. Calculate w(-15).
-5
Let a(q) = q**2 - 33*q - 111. Calculate a(-4).
37
Let f(z) = -4*z**2 - 4*z - 16. Calculate f(7).
-240
Let p(q) = -49*q - 4858. Give p(-99).
-7
Let j(g) = 2*g**3 - 71*g**2 + 570*g - 73. Determine j(12).
-1
Let p(d) = 3*d**3 + 41*d**2 - 435*d + 12. Calculate p(7).
5
Let l(i) = i**3 - 8*i**2 + 34*i - 179. 